{"id":133,"date":"2023-08-07T18:02:26","date_gmt":"2023-08-07T21:02:26","guid":{"rendered":"https:\/\/agenciaposeidon.com.br\/clientes\/wordpress\/?page_id=87"},"modified":"2024-01-23T13:48:36","modified_gmt":"2024-01-23T16:48:36","slug":"palestras","status":"publish","type":"page","link":"https:\/\/ceicnatal.org.br\/ceic\/palestras\/","title":{"rendered":"Palestras P\u00fablicas"},"content":{"rendered":"\n<p class=\"has-large-font-size\">Palestras P\u00fablicas <\/p>\n\n\n\n<p>O Centro Esp\u00edrita Irm\u00e3os do Caminho (CEIC) realiza reuni\u00f5es p\u00fablicas de estudo doutrin\u00e1rio, \u00e0s SEGUNDAS e QUARTAS-FEIRAS, sempre a partir das 20h at\u00e9 as 21h15. Nas segundas-feiras, estuda-se o livro \u201cO Evangelho Segundo o Espiritismo\u201d. J\u00e1 nas quartas-feiras, reflete-se sobre \u201cO Livro dos Esp\u00edritos\u201d. Ao final de cada reuni\u00e3o p\u00fablica doutrin\u00e1ria, s\u00e3o dispensados PASSES COLETIVOS aos presentes.<\/p>\n\n\n\n<p><a href=\"http:\/\/home\" data-type=\"URL\" data-id=\"home\">Escala de palestras<\/a><\/p>\n\n\n\n<p><strong>PASSES COLETIVOS<\/strong><br><\/p>\n\n\n\n<p>Atualmente, os passes magn\u00e9ticos (fluidoterapia) est\u00e3o sendo oferecidos nas segundas e quartas-feiras, ap\u00f3s as reuni\u00f5es p\u00fablicas de estudo doutrin\u00e1rio, que se realizam das 20h \u00e0s 21h15. Os passes est\u00e3o sendo ofertados de maneira coletiva, quando os m\u00e9diuns devidamente harmonizados, sob a coordena\u00e7\u00e3o da Casa, emanam os bons fluidos sobre a plateia que j\u00e1 se encontra devidamente receptiva por ter participado da exposi\u00e7\u00e3o doutrin\u00e1ria da noite, favorecendo \u00e0 sintonia e \u00e0 internaliza\u00e7\u00e3o dos bons fluidos.<\/p>\n","protected":false},"excerpt":{"rendered":"<p>Palestras P\u00fablicas O Centro Esp\u00edrita Irm\u00e3os do Caminho (CEIC) realiza reuni\u00f5es p\u00fablicas de estudo doutrin\u00e1rio, \u00e0s SEGUNDAS e QUARTAS-FEIRAS, sempre a partir das 20h at\u00e9 as 21h15. Nas segundas-feiras, estuda-se o livro \u201cO Evangelho Segundo o Espiritismo\u201d. J\u00e1 nas quartas-feiras, reflete-se sobre \u201cO Livro dos Esp\u00edritos\u201d. Ao final de cada reuni\u00e3o p\u00fablica doutrin\u00e1ria, s\u00e3o dispensados [&hellip;]<\/p>\n","protected":false},"author":2,"featured_media":0,"parent":0,"menu_order":0,"comment_status":"closed","ping_status":"closed","template":"blankfull.php","meta":{"_acf_changed":false,"footnotes":""},"class_list":["post-133","page","type-page","status-publish","hentry"],"acf":[],"_links":{"self":[{"href":"https:\/\/ceicnatal.org.br\/ceic\/wp-json\/wp\/v2\/pages\/133","targetHints":{"allow":["GET"]}}],"collection":[{"href":"https:\/\/ceicnatal.org.br\/ceic\/wp-json\/wp\/v2\/pages"}],"about":[{"href":"https:\/\/ceicnatal.org.br\/ceic\/wp-json\/wp\/v2\/types\/page"}],"author":[{"embeddable":true,"href":"https:\/\/ceicnatal.org.br\/ceic\/wp-json\/wp\/v2\/users\/2"}],"replies":[{"embeddable":true,"href":"https:\/\/ceicnatal.org.br\/ceic\/wp-json\/wp\/v2\/comments?post=133"}],"version-history":[{"count":4,"href":"https:\/\/ceicnatal.org.br\/ceic\/wp-json\/wp\/v2\/pages\/133\/revisions"}],"predecessor-version":[{"id":213,"href":"https:\/\/ceicnatal.org.br\/ceic\/wp-json\/wp\/v2\/pages\/133\/revisions\/213"}],"wp:attachment":[{"href":"https:\/\/ceicnatal.org.br\/ceic\/wp-json\/wp\/v2\/media?parent=133"}],"curies":[{"name":"wp","href":"https:\/\/api.w.org\/{rel}","templated":true}]}}

Palestras Públicas

<p class="has-large-font-size">Palestras Públicas </p>



<p>O Centro Espírita Irmãos do Caminho (CEIC) realiza reuniões públicas de estudo doutrinário, às SEGUNDAS e QUARTAS-FEIRAS, sempre a partir das 20h até as 21h15. Nas segundas-feiras, estuda-se o livro “O Evangelho Segundo o Espiritismo”. Já nas quartas-feiras, reflete-se sobre “O Livro dos Espíritos”. Ao final de cada reunião pública doutrinária, são dispensados PASSES COLETIVOS aos presentes.</p>



<p><a href="http://home" data-type="URL" data-id="home">Escala de palestras</a></p>



<p><strong>PASSES COLETIVOS</strong><br></p>



<p>Atualmente, os passes magnéticos (fluidoterapia) estão sendo oferecidos nas segundas e quartas-feiras, após as reuniões públicas de estudo doutrinário, que se realizam das 20h às 21h15. Os passes estão sendo ofertados de maneira coletiva, quando os médiuns devidamente harmonizados, sob a coordenação da Casa, emanam os bons fluidos sobre a plateia que já se encontra devidamente receptiva por ter participado da exposição doutrinária da noite, favorecendo à sintonia e à internalização dos bons fluidos.</p>

<p>Palestras Públicas O Centro Espírita Irmãos do Caminho (CEIC) realiza reuniões públicas de estudo doutrinário, às SEGUNDAS e QUARTAS-FEIRAS, sempre a partir das 20h até as 21h15. Nas segundas-feiras, estuda-se o livro “O Evangelho Segundo o Espiritismo”. Já nas quartas-feiras, reflete-se sobre “O Livro dos Espíritos”. Ao final de cada reunião pública doutrinária, são dispensados [&hellip;]</p>
