{"id":138,"date":"2023-08-07T18:21:24","date_gmt":"2023-08-07T21:21:24","guid":{"rendered":"https:\/\/agenciaposeidon.com.br\/clientes\/wordpress\/?page_id=104"},"modified":"2024-01-23T13:40:15","modified_gmt":"2024-01-23T16:40:15","slug":"apresentacaoescola","status":"publish","type":"page","link":"https:\/\/ceicnatal.org.br\/ceic\/apresentacaoescola\/","title":{"rendered":"Apresenta\u00e7\u00e3o Escola"},"content":{"rendered":"\n<p><strong>ESCOLA CASA DO CAMINHO<\/strong><\/p>\n\n\n\n<p>Sob inspira\u00e7\u00e3o da Espiritualidade Superior, o CEIC fundou, em 13 de setembro de 1989, a creche \u201cLar do Caminho\u201d, que passou a funcionar na pr\u00f3pria sede do CEIC, e que, mais \u00e0 frente, foi elevada \u00e0 categoria de Escola, passando a se chamar \u201cESCOLA CASA DO CAMINHO\u201d. Hoje s\u00e3o atendidas cerca de 100 crian\u00e7as.<\/p>\n\n\n\n<p>A Escola abrange o Ensino Infantil, proporcionando \u00e0s crian\u00e7as da faixa et\u00e1ria de 3 a 7 anos, al\u00e9m da instru\u00e7\u00e3o curricular convencional, conceitos e orienta\u00e7\u00f5es de h\u00e1bitos saud\u00e1veis de higiene, de sociabilidade e de preserva\u00e7\u00e3o do meio ambiente. As crian\u00e7as atendidas na \u201cEscola Casa do Caminho\u201d recebem assist\u00eancias m\u00e9dica e odontol\u00f3gica gratuitas, atrav\u00e9s de servi\u00e7o volunt\u00e1rio, e a elas s\u00e3o fornecidas 5 (cinco) refei\u00e7\u00f5es di\u00e1rias, permanecendo na escola no hor\u00e1rio de 07h \u00e0s 16h30, de segunda a sexta-feira.<\/p>\n\n\n\n<p>As crian\u00e7as da escola s\u00e3o provenientes das fam\u00edlias carentes da Vila de Ponta Negra, as quais, por sua vez, tamb\u00e9m s\u00e3o assistidas materialmente pelo CEIC e s\u00e3o convocadas a estabelecer uma participa\u00e7\u00e3o Fam\u00edlia-Escola, favorecendo assim a efetiva educa\u00e7\u00e3o do alunado.<\/p>\n\n\n\n<p>Importante destacar que a \u201cEscola Casa do Caminho\u201d, desde a sua funda\u00e7\u00e3o, funciona integralmente com base em doa\u00e7\u00f5es da comunidade e de todos aqueles que, de boa vontade, colaboram com esta Institui\u00e7\u00e3o de amor e luz.<\/p>\n\n\n\n<p>Todos os servi\u00e7os prestados \u00e0s crian\u00e7as e o pagamento de sal\u00e1rios de professores e demais profissionais s\u00e3o custeados por meio do programa \u201cAdote\u201d, por seus s\u00f3cios-mantenedores e por todos aqueles que desejarem colaborar.<\/p>\n\n\n\n<p><strong>ADOTE<\/strong><\/p>\n\n\n\n<p>Para os interessados em sistematizar uma doa\u00e7\u00e3o, o Centro Esp\u00edrita Irm\u00e3os do Caminho (CEIC) oferece o programa ADOTE, em que \u00e9 poss\u00edvel a qualquer cidad\u00e3o adotar uma crian\u00e7a, assumindo uma parcela mensal referente ao custo de uma das crian\u00e7as atendidas gratuitamente pela Escola Casa do Caminho. Com esse importante apoio financeiro, o CEIC viabiliza a manuten\u00e7\u00e3o da Escola, por meio de valor fixo mensal por 12 meses para custear as di\u00e1rias de cada aluno.<\/p>\n","protected":false},"excerpt":{"rendered":"<p>ESCOLA CASA DO CAMINHO Sob inspira\u00e7\u00e3o da Espiritualidade Superior, o CEIC fundou, em 13 de setembro de 1989, a creche \u201cLar do Caminho\u201d, que passou a funcionar na pr\u00f3pria sede do CEIC, e que, mais \u00e0 frente, foi elevada \u00e0 categoria de Escola, passando a se chamar \u201cESCOLA CASA DO CAMINHO\u201d. Hoje s\u00e3o atendidas cerca [&hellip;]<\/p>\n","protected":false},"author":2,"featured_media":0,"parent":0,"menu_order":0,"comment_status":"closed","ping_status":"closed","template":"blankfull.php","meta":{"_acf_changed":false,"footnotes":""},"class_list":["post-138","page","type-page","status-publish","hentry"],"acf":[],"_links":{"self":[{"href":"https:\/\/ceicnatal.org.br\/ceic\/wp-json\/wp\/v2\/pages\/138","targetHints":{"allow":["GET"]}}],"collection":[{"href":"https:\/\/ceicnatal.org.br\/ceic\/wp-json\/wp\/v2\/pages"}],"about":[{"href":"https:\/\/ceicnatal.org.br\/ceic\/wp-json\/wp\/v2\/types\/page"}],"author":[{"embeddable":true,"href":"https:\/\/ceicnatal.org.br\/ceic\/wp-json\/wp\/v2\/users\/2"}],"replies":[{"embeddable":true,"href":"https:\/\/ceicnatal.org.br\/ceic\/wp-json\/wp\/v2\/comments?post=138"}],"version-history":[{"count":2,"href":"https:\/\/ceicnatal.org.br\/ceic\/wp-json\/wp\/v2\/pages\/138\/revisions"}],"predecessor-version":[{"id":206,"href":"https:\/\/ceicnatal.org.br\/ceic\/wp-json\/wp\/v2\/pages\/138\/revisions\/206"}],"wp:attachment":[{"href":"https:\/\/ceicnatal.org.br\/ceic\/wp-json\/wp\/v2\/media?parent=138"}],"curies":[{"name":"wp","href":"https:\/\/api.w.org\/{rel}","templated":true}]}}

Apresentação Escola

<p><strong>ESCOLA CASA DO CAMINHO</strong></p>



<p>Sob inspiração da Espiritualidade Superior, o CEIC fundou, em 13 de setembro de 1989, a creche “Lar do Caminho”, que passou a funcionar na própria sede do CEIC, e que, mais à frente, foi elevada à categoria de Escola, passando a se chamar “ESCOLA CASA DO CAMINHO”. Hoje são atendidas cerca de 100 crianças.</p>



<p>A Escola abrange o Ensino Infantil, proporcionando às crianças da faixa etária de 3 a 7 anos, além da instrução curricular convencional, conceitos e orientações de hábitos saudáveis de higiene, de sociabilidade e de preservação do meio ambiente. As crianças atendidas na “Escola Casa do Caminho” recebem assistências médica e odontológica gratuitas, através de serviço voluntário, e a elas são fornecidas 5 (cinco) refeições diárias, permanecendo na escola no horário de 07h às 16h30, de segunda a sexta-feira.</p>



<p>As crianças da escola são provenientes das famílias carentes da Vila de Ponta Negra, as quais, por sua vez, também são assistidas materialmente pelo CEIC e são convocadas a estabelecer uma participação Família-Escola, favorecendo assim a efetiva educação do alunado.</p>



<p>Importante destacar que a “Escola Casa do Caminho”, desde a sua fundação, funciona integralmente com base em doações da comunidade e de todos aqueles que, de boa vontade, colaboram com esta Instituição de amor e luz.</p>



<p>Todos os serviços prestados às crianças e o pagamento de salários de professores e demais profissionais são custeados por meio do programa “Adote”, por seus sócios-mantenedores e por todos aqueles que desejarem colaborar.</p>



<p><strong>ADOTE</strong></p>



<p>Para os interessados em sistematizar uma doação, o Centro Espírita Irmãos do Caminho (CEIC) oferece o programa ADOTE, em que é possível a qualquer cidadão adotar uma criança, assumindo uma parcela mensal referente ao custo de uma das crianças atendidas gratuitamente pela Escola Casa do Caminho. Com esse importante apoio financeiro, o CEIC viabiliza a manutenção da Escola, por meio de valor fixo mensal por 12 meses para custear as diárias de cada aluno.</p>

<p>ESCOLA CASA DO CAMINHO Sob inspiração da Espiritualidade Superior, o CEIC fundou, em 13 de setembro de 1989, a creche “Lar do Caminho”, que passou a funcionar na própria sede do CEIC, e que, mais à frente, foi elevada à categoria de Escola, passando a se chamar “ESCOLA CASA DO CAMINHO”. Hoje são atendidas cerca [&hellip;]</p>
