{"id":141,"date":"2023-08-07T18:25:39","date_gmt":"2023-08-07T21:25:39","guid":{"rendered":"https:\/\/agenciaposeidon.com.br\/clientes\/wordpress\/?page_id=112"},"modified":"2023-08-21T08:42:15","modified_gmt":"2023-08-21T11:42:15","slug":"natalsemfome","status":"publish","type":"page","link":"https:\/\/ceicnatal.org.br\/ceic\/natalsemfome\/","title":{"rendered":"Programa Natal sem Fome"},"content":{"rendered":"\n<p class=\"has-large-font-size\">Programa Natal sem Fome<\/p>\n\n\n\n<p>O programa Natal sem Fome visa trazer aos moradores em situa\u00e7\u00e3o de risco social da Vila de Ponta Negra e Alagamar um Natal mais iluminado e humanizado. Nesse per\u00edodo, no m\u00eas de Dezembro, o CEIC promove o evento que consiste em uma grande confraterniza\u00e7\u00e3o com os assistidos cadastrados nos programas sociais da casa e volunt\u00e1rios, com m\u00fasicas, lanches e presentes singelos, distribui\u00e7\u00e3o de alimentos e cestas b\u00e1sicas. Todos os bens distribu\u00eddos s\u00e3o provenientes das doa\u00e7\u00f5es recebidas nas diversas atividades da casa e no programa da Campanha do Quilo, que funciona de forma permanente.<\/p>\n\n\n\n<p>O Natal sem Fome tem trazido esperan\u00e7a e alegria ao bairro de Ponta Negra a cerca de vinte anos sem cessar.<\/p>\n","protected":false},"excerpt":{"rendered":"<p>Programa Natal sem Fome O programa Natal sem Fome visa trazer aos moradores em situa\u00e7\u00e3o de risco social da Vila de Ponta Negra e Alagamar um Natal mais iluminado e humanizado. Nesse per\u00edodo, no m\u00eas de Dezembro, o CEIC promove o evento que consiste em uma grande confraterniza\u00e7\u00e3o com os assistidos cadastrados nos programas sociais [&hellip;]<\/p>\n","protected":false},"author":2,"featured_media":0,"parent":0,"menu_order":0,"comment_status":"closed","ping_status":"closed","template":"blankfull.php","meta":{"_acf_changed":false,"footnotes":""},"class_list":["post-141","page","type-page","status-publish","hentry"],"acf":[],"_links":{"self":[{"href":"https:\/\/ceicnatal.org.br\/ceic\/wp-json\/wp\/v2\/pages\/141","targetHints":{"allow":["GET"]}}],"collection":[{"href":"https:\/\/ceicnatal.org.br\/ceic\/wp-json\/wp\/v2\/pages"}],"about":[{"href":"https:\/\/ceicnatal.org.br\/ceic\/wp-json\/wp\/v2\/types\/page"}],"author":[{"embeddable":true,"href":"https:\/\/ceicnatal.org.br\/ceic\/wp-json\/wp\/v2\/users\/2"}],"replies":[{"embeddable":true,"href":"https:\/\/ceicnatal.org.br\/ceic\/wp-json\/wp\/v2\/comments?post=141"}],"version-history":[{"count":1,"href":"https:\/\/ceicnatal.org.br\/ceic\/wp-json\/wp\/v2\/pages\/141\/revisions"}],"predecessor-version":[{"id":175,"href":"https:\/\/ceicnatal.org.br\/ceic\/wp-json\/wp\/v2\/pages\/141\/revisions\/175"}],"wp:attachment":[{"href":"https:\/\/ceicnatal.org.br\/ceic\/wp-json\/wp\/v2\/media?parent=141"}],"curies":[{"name":"wp","href":"https:\/\/api.w.org\/{rel}","templated":true}]}}